{"id":45704,"date":"2025-05-16T06:31:46","date_gmt":"2025-05-16T06:31:46","guid":{"rendered":"https:\/\/marqalicante-admin.qwair.com\/producto\/ceramicas-para-un-nuevo-reino-la-ceramica-de-la-repoblacion-feudal-en-la-pobla-medieval-de-ifach-calp-alicante\/"},"modified":"2025-06-04T16:24:21","modified_gmt":"2025-06-04T16:24:21","slug":"ceramicas-para-un-nuevo-reino-la-ceramica-de-la-repoblacion-feudal-en-la-pobla-medieval-de-ifach-calp-alicante","status":"publish","type":"product","link":"https:\/\/marqalicante-admin.qwair.com\/en\/product\/ceramicas-para-un-nuevo-reino-la-ceramica-de-la-repoblacion-feudal-en-la-pobla-medieval-de-ifach-calp-alicante\/","title":{"rendered":"Ceramics for a new kingdom. The ceramics of the feudal repopulation in the medieval Pobla de Ifach (Calp, Alicante)."},"content":{"rendered":"<div class=\"documento-item\">\n                    <h2 class=\"documento-title\">Ceramics for a new kingdom. The ceramics of the feudal repopulation in the medieval Pobla de Ifach (Calp, Alicante).<\/h2>\n        \n                    <p class=\"documento-subtitle\">Jos\u00e9 Luis Men\u00e9ndez Fueyo and Joaqu\u00edn Pina Mira<\/p>\n        \n                    <a href=\"https:\/\/marqalicante.com\/contenido\/particulos\/pub_114.pdf\" class=\"documento-btn\" target=\"_blank\" rel=\"noopener\">\n                <i class=\"fas fa-file-pdf\"><\/i> Download PDF\n            <\/a>\n            <\/div>","protected":false},"excerpt":{"rendered":"<p>This work culminates a study that we began in 2011 in which we presented the ceramic record relating to the foundational levels documented in the medieval Pobla de Ifach (Calp, Alicante), relating the productions discovered with the works of the locality of Paterna (Valencia) and establishing a formal connection with the so-called conquest ceramics that had been identified years earlier by researchers Rafael Azuar, Javier Mart\u00ed and Josefa Pascual Pacheco in the Castell d'Ambra in Pego in 1999. The study presents what we have described as \"conquest ceramics\".<br \/>This record is documented by the stratigraphic sequence, the monetary finds and shows a direct formal link with these ceramics, which were standardised and distributed throughout the newly conquered territories of the new Kingdom of Valencia from the first half of the 14th century onwards.&nbsp;<\/p>","protected":false},"featured_media":45873,"template":"","meta":{"kia_subtitle":""},"product_brand":[],"product_cat":[2913],"product_tag":[],"class_list":{"0":"post-45704","1":"product","2":"type-product","3":"status-publish","4":"has-post-thumbnail","6":"product_cat-articulos","8":"first","9":"instock","10":"virtual","11":"product-type-simple"},"meta_box":{"ia_expediente":"","ia_ano":"","ia_fechas_de_actuacion":"","ia_municipios_comarcas":"","ia_directores":"","ia_periodos_culturales":"","ia_tipos_de_intervencion":"","ia_equipo_tecnico":"","ia_autores":"","ia_promotores":"","ia_deposito_de_materiales":"","ia_coordenadas_utm":""},"_links":{"self":[{"href":"https:\/\/marqalicante-admin.qwair.com\/en\/wp-json\/wp\/v2\/product\/45704","targetHints":{"allow":["GET"]}}],"collection":[{"href":"https:\/\/marqalicante-admin.qwair.com\/en\/wp-json\/wp\/v2\/product"}],"about":[{"href":"https:\/\/marqalicante-admin.qwair.com\/en\/wp-json\/wp\/v2\/types\/product"}],"wp:featuredmedia":[{"embeddable":true,"href":"https:\/\/marqalicante-admin.qwair.com\/en\/wp-json\/wp\/v2\/media\/45873"}],"wp:attachment":[{"href":"https:\/\/marqalicante-admin.qwair.com\/en\/wp-json\/wp\/v2\/media?parent=45704"}],"wp:term":[{"taxonomy":"product_brand","embeddable":true,"href":"https:\/\/marqalicante-admin.qwair.com\/en\/wp-json\/wp\/v2\/product_brand?post=45704"},{"taxonomy":"product_cat","embeddable":true,"href":"https:\/\/marqalicante-admin.qwair.com\/en\/wp-json\/wp\/v2\/product_cat?post=45704"},{"taxonomy":"product_tag","embeddable":true,"href":"https:\/\/marqalicante-admin.qwair.com\/en\/wp-json\/wp\/v2\/product_tag?post=45704"}],"curies":[{"name":"wp","href":"https:\/\/api.w.org\/{rel}","templated":true}]}}

<div class="documento-item">
                    <h2 class="documento-title">Ceramics for a new kingdom. The ceramics of the feudal repopulation in the medieval Pobla de Ifach (Calp, Alicante).</h2>
        
                    <p class="documento-subtitle">José Luis Menéndez Fueyo and Joaquín Pina Mira</p>
        
                    <a href="https://marqalicante.com/contenido/particulos/pub_114.pdf" class="documento-btn" target="_blank" rel="noopener">
                <i class="fas fa-file-pdf"></i> Download PDF
            </a>
            </div>

<p>This work culminates a study that we began in 2011 in which we presented the ceramic record relating to the foundational levels documented in the medieval Pobla de Ifach (Calp, Alicante), relating the productions discovered with the works of the locality of Paterna (Valencia) and establishing a formal connection with the so-called conquest ceramics that had been identified years earlier by researchers Rafael Azuar, Javier Martí and Josefa Pascual Pacheco in the Castell d'Ambra in Pego in 1999. The study presents what we have described as "conquest ceramics".<br />This record is documented by the stratigraphic sequence, the monetary finds and shows a direct formal link with these ceramics, which were standardised and distributed throughout the newly conquered territories of the new Kingdom of Valencia from the first half of the 14th century onwards.&nbsp;</p>
