{"id":45329,"date":"2025-04-04T06:24:56","date_gmt":"2025-04-04T06:24:56","guid":{"rendered":"https:\/\/marqalicante-admin.qwair.com\/producto\/mas-dis\/"},"modified":"2025-04-07T08:06:31","modified_gmt":"2025-04-07T08:06:31","slug":"mas-dis","status":"publish","type":"product","link":"https:\/\/marqalicante-admin.qwair.com\/en\/product\/mas-dis\/","title":{"rendered":"Mas d'Is"},"content":{"rendered":"","protected":false},"excerpt":{"rendered":"<p><b>File: <\/b><\/p>\n<p>2010\/0446-A<\/p>\n<p><b>Year: <\/b><\/p>\n<p>2010<\/p>\n<p><b>Performance dates: <\/b><\/p>\n<p>08\/09-2010<\/p>\n<p><b>Municipalities (Comarcas): <\/b><\/p>\n<p>PEN\u00c0GUILA<\/p>\n<p><b>Directors :<\/b><\/p>\n<p>Bernabeu Aub\u00e1n&#44; Joan&#44; Orozco K\u00f6hler&#44; Teresa<\/p>\n<p><b>Cultural periods: <\/b><\/p>\n<p>Neolithic<\/p>\n<p><b>Types of intervention :<\/b><\/p>\n<p>Archaeological excavation<\/p>\n<p><b>Technical Team: <\/b><\/p>\n<p>Agust\u00edn Diez Castillo y Sonia L\u00f3pez Mel\u00f3n<\/p>\n<p><b>Authors :<\/b><\/p>\n<p>Agust\u00edn Diez Castillo&#44; Joan Bernabeu Aub\u00e1n y Teresa Orozco K\u00f6hler (Ver PDF Mas d&#8217;Is campa\u00f1a 2011)\n<\/p>\n<p><b>Promoters: <\/b><\/p>\n<p>Universitat de Val\u00e8ncia<\/p>\n<p><b>Materials depot: <\/b><\/p>\n<p>Camil Visedo Molt\u00f3 Municipal Archaeological Museum of Alcoi<\/p>\n<p><b>UTM coordinates: <\/b><\/p>\n<p>X 726442 \u2013 Y 4285375<\/p>\n<p><b>PDF document: <\/b><\/p>","protected":false},"featured_media":45501,"template":"","meta":{"kia_subtitle":""},"product_brand":[],"product_cat":[2620],"product_tag":[],"class_list":{"0":"post-45329","1":"product","2":"type-product","3":"status-publish","4":"has-post-thumbnail","6":"product_cat-intervenciones-arqueologicas","8":"first","9":"instock","10":"virtual","11":"product-type-simple"},"meta_box":{"ia_expediente":"","ia_ano":"","ia_fechas_de_actuacion":"","ia_municipios_comarcas":"","ia_directores":"","ia_periodos_culturales":"","ia_tipos_de_intervencion":"","ia_equipo_tecnico":"","ia_autores":"","ia_promotores":"","ia_deposito_de_materiales":"","ia_coordenadas_utm":""},"_links":{"self":[{"href":"https:\/\/marqalicante-admin.qwair.com\/en\/wp-json\/wp\/v2\/product\/45329","targetHints":{"allow":["GET"]}}],"collection":[{"href":"https:\/\/marqalicante-admin.qwair.com\/en\/wp-json\/wp\/v2\/product"}],"about":[{"href":"https:\/\/marqalicante-admin.qwair.com\/en\/wp-json\/wp\/v2\/types\/product"}],"wp:featuredmedia":[{"embeddable":true,"href":"https:\/\/marqalicante-admin.qwair.com\/en\/wp-json\/wp\/v2\/media\/45501"}],"wp:attachment":[{"href":"https:\/\/marqalicante-admin.qwair.com\/en\/wp-json\/wp\/v2\/media?parent=45329"}],"wp:term":[{"taxonomy":"product_brand","embeddable":true,"href":"https:\/\/marqalicante-admin.qwair.com\/en\/wp-json\/wp\/v2\/product_brand?post=45329"},{"taxonomy":"product_cat","embeddable":true,"href":"https:\/\/marqalicante-admin.qwair.com\/en\/wp-json\/wp\/v2\/product_cat?post=45329"},{"taxonomy":"product_tag","embeddable":true,"href":"https:\/\/marqalicante-admin.qwair.com\/en\/wp-json\/wp\/v2\/product_tag?post=45329"}],"curies":[{"name":"wp","href":"https:\/\/api.w.org\/{rel}","templated":true}]}}

<p><b>File: </b></p>
<p>2010/0446-A</p>
<p><b>Year: </b></p>
<p>2010</p>
<p><b>Performance dates: </b></p>
<p>08/09-2010</p>
<p><b>Municipalities (Comarcas): </b></p>
<p>PENÀGUILA</p>
<p><b>Directors :</b></p>
<p>Bernabeu Aubán&#44; Joan&#44; Orozco Köhler&#44; Teresa</p>
<p><b>Cultural periods: </b></p>
<p>Neolithic</p>
<p><b>Types of intervention :</b></p>
<p>Archaeological excavation</p>
<p><b>Technical Team: </b></p>
<p>Agustín Diez Castillo y Sonia López Melón</p>
<p><b>Authors :</b></p>
<p>Agustín Diez Castillo&#44; Joan Bernabeu Aubán y Teresa Orozco Köhler (Ver PDF Mas d&#8217;Is campaña 2011)
</p>
<p><b>Promoters: </b></p>
<p>Universitat de València</p>
<p><b>Materials depot: </b></p>
<p>Camil Visedo Moltó Municipal Archaeological Museum of Alcoi</p>
<p><b>UTM coordinates: </b></p>
<p>X 726442 – Y 4285375</p>
<p><b>PDF document: </b></p>
