{"id":45283,"date":"2025-04-04T06:24:33","date_gmt":"2025-04-04T06:24:33","guid":{"rendered":"https:\/\/marqalicante-admin.qwair.com\/producto\/proyecto-ifac-pobla-medieval-via-campana\/"},"modified":"2025-04-07T08:06:18","modified_gmt":"2025-04-07T08:06:18","slug":"proyecto-ifac-pobla-medieval-via-campana","status":"publish","type":"product","link":"https:\/\/marqalicante-admin.qwair.com\/en\/product\/proyecto-ifac-pobla-medieval-via-campana\/","title":{"rendered":"Ifac Project. Medieval town. 6th Campaign"},"content":{"rendered":"","protected":false},"excerpt":{"rendered":"<p><b>File: <\/b><\/p>\n<p>2010\/0142-A (SS.TT. A-2005-282)<\/p>\n<p><b>Year: <\/b><\/p>\n<p>2010<\/p>\n<p><b>Performance dates: <\/b><\/p>\n<p>01-07-2010 a 30-08-2010<\/p>\n<p><b>Municipalities (Comarcas): <\/b><\/p>\n<p>CALPE \/ CALP<\/p>\n<p><b>Directors :<\/b><\/p>\n<p>Ferrer Carri\u00f3n, Roberto, Men\u00e9ndez Fueyo, Jos\u00e9 Luis, Pina Mira, Joaqu\u00edn<\/p>\n<p><b>Cultural periods: <\/b><\/p>\n<p>Late Medieval<\/p>\n<p><b>Types of intervention :<\/b><\/p>\n<p>Archaeological excavation<\/p>\n<p><b>Technical Team: <\/b><\/p>\n<p>Jos\u00e9 Manuel Torrecillas Segura, Miriam Parra Villaescusa, Stefania Malagutti and Javier Mart\u00ednez Jim\u00e9nez<\/p>\n<p><b>Authors :<\/b><\/p>\n<p>Jos\u00e9 Luis Men\u00e9ndez Fueyo, Roberto Ferrer Carri\u00f3n and Joaqu\u00edn Pina Mira\n<\/p>\n<p><b>Promoters: <\/b><\/p>\n<p>Diputaci\u00f3n de Alicante<\/p>\n<p><b>Materials depot: <\/b><\/p>\n<p>Archaeological Museum of Alicante (MARQ)<\/p>\n<p><b>UTM coordinates: <\/b><\/p>\n<p>X 767118 - Y 4281147<\/p>\n<p><b>PDF document: <\/b><\/p>\n    \n    <div class=\"documento-item\">\n                    <h2 class=\"documento-title\">Download here<\/h2>\n        \n        \n                    <a href=\"https:\/\/marqalicante.com\/contenido\/int_arqueologicas\/doc_47.pdf\" class=\"documento-btn\">\n                <i class=\"fas fa-file-pdf\"><\/i> Download PDF\n            <\/a>\n            <\/div>","protected":false},"featured_media":45501,"template":"","meta":{"kia_subtitle":""},"product_brand":[],"product_cat":[2620],"product_tag":[],"class_list":{"0":"post-45283","1":"product","2":"type-product","3":"status-publish","4":"has-post-thumbnail","6":"product_cat-intervenciones-arqueologicas","8":"first","9":"instock","10":"virtual","11":"product-type-simple"},"meta_box":{"ia_expediente":"","ia_ano":"","ia_fechas_de_actuacion":"","ia_municipios_comarcas":"","ia_directores":"","ia_periodos_culturales":"","ia_tipos_de_intervencion":"","ia_equipo_tecnico":"","ia_autores":"","ia_promotores":"","ia_deposito_de_materiales":"","ia_coordenadas_utm":""},"_links":{"self":[{"href":"https:\/\/marqalicante-admin.qwair.com\/en\/wp-json\/wp\/v2\/product\/45283","targetHints":{"allow":["GET"]}}],"collection":[{"href":"https:\/\/marqalicante-admin.qwair.com\/en\/wp-json\/wp\/v2\/product"}],"about":[{"href":"https:\/\/marqalicante-admin.qwair.com\/en\/wp-json\/wp\/v2\/types\/product"}],"wp:featuredmedia":[{"embeddable":true,"href":"https:\/\/marqalicante-admin.qwair.com\/en\/wp-json\/wp\/v2\/media\/45501"}],"wp:attachment":[{"href":"https:\/\/marqalicante-admin.qwair.com\/en\/wp-json\/wp\/v2\/media?parent=45283"}],"wp:term":[{"taxonomy":"product_brand","embeddable":true,"href":"https:\/\/marqalicante-admin.qwair.com\/en\/wp-json\/wp\/v2\/product_brand?post=45283"},{"taxonomy":"product_cat","embeddable":true,"href":"https:\/\/marqalicante-admin.qwair.com\/en\/wp-json\/wp\/v2\/product_cat?post=45283"},{"taxonomy":"product_tag","embeddable":true,"href":"https:\/\/marqalicante-admin.qwair.com\/en\/wp-json\/wp\/v2\/product_tag?post=45283"}],"curies":[{"name":"wp","href":"https:\/\/api.w.org\/{rel}","templated":true}]}}

<p><b>File: </b></p>
<p>2010/0142-A (SS.TT. A-2005-282)</p>
<p><b>Year: </b></p>
<p>2010</p>
<p><b>Performance dates: </b></p>
<p>01-07-2010 a 30-08-2010</p>
<p><b>Municipalities (Comarcas): </b></p>
<p>CALPE / CALP</p>
<p><b>Directors :</b></p>
<p>Ferrer Carrión, Roberto, Menéndez Fueyo, José Luis, Pina Mira, Joaquín</p>
<p><b>Cultural periods: </b></p>
<p>Late Medieval</p>
<p><b>Types of intervention :</b></p>
<p>Archaeological excavation</p>
<p><b>Technical Team: </b></p>
<p>José Manuel Torrecillas Segura, Miriam Parra Villaescusa, Stefania Malagutti and Javier Martínez Jiménez</p>
<p><b>Authors :</b></p>
<p>José Luis Menéndez Fueyo, Roberto Ferrer Carrión and Joaquín Pina Mira
</p>
<p><b>Promoters: </b></p>
<p>Diputación de Alicante</p>
<p><b>Materials depot: </b></p>
<p>Archaeological Museum of Alicante (MARQ)</p>
<p><b>UTM coordinates: </b></p>
<p>X 767118 - Y 4281147</p>
<p><b>PDF document: </b></p>
    
    <div class="documento-item">
                    <h2 class="documento-title">Download here</h2>
        
        
                    <a href="https://marqalicante.com/contenido/int_arqueologicas/doc_47.pdf" class="documento-btn">
                <i class="fas fa-file-pdf"></i> Download PDF
            </a>
            </div>
