{"id":35890,"date":"2025-03-05T18:24:46","date_gmt":"2025-03-05T18:24:46","guid":{"rendered":"https:\/\/marqalicante-admin.qwair.com\/item\/unidad-primera-mitad-del-siglo-ii-a-c\/"},"modified":"2025-03-05T18:27:50","modified_gmt":"2025-03-05T18:27:50","slug":"unidad-primera-mitad-del-siglo-ii-a-c","status":"publish","type":"product","link":"https:\/\/marqalicante-admin.qwair.com\/en\/product\/unidad-primera-mitad-del-siglo-ii-a-c\/","title":{"rendered":"<b>Unit<\/b>   First half of the 2nd century BC."},"content":{"rendered":"","protected":false},"excerpt":{"rendered":"<h3>Late Iberian or Late Republican<\/h3>\n<p><b>Metal:<\/b> Bronze.<br \/><b>Issuing entity: <\/b> Kese (Tarragona).<br \/><b>Mint:<\/b> Kese (Tarragona).<br \/><b>Date:<\/b> First half of the 2nd century BC.<br \/><b>Obverse:<\/b><br \/> Virile head to right, behind amphora. Dotted border around.<br \/><b>Reverse:<\/b><br \/> Horseman with palm to right, below, on line, Iberian inscription KESE.<br \/><b>Weight:<\/b> 14.8 g - <b>Diameter:<\/b> 25 mm - <b>Axes:<\/b> 12 h.<br \/><b>Described in:<\/b> CNH, 165, no. 51; Vives, 32-14.<br \/><b>Published in:<\/b><br \/>Ripoll\u00e8s Alegre, P. P., 1982: La circulaci\u00f3n monetaria en la Tarraconense Mediterr\u00e1nea, Valencia, p. 218, plate 28, no. 62; Ram\u00f3n S\u00e1nchez, J.J., Garc\u00eda Barrachina, A., Verd\u00fa Parra, E., Bayo Fuentes, S., 2010: \"Cat\u00e1logo. Antig\u00fcedad\", in Ram\u00f3n S\u00e1nchez, J.J. (ed.), Monedas. Todas las caras de la Historia. Numismatic collections of the MARQ, Alicante, p. 100.<br \/><b>Monetary Inventory Number:<\/b> 757.<br \/>MARQ collection. Ancient Numismatic Collection<\/p>","protected":false},"featured_media":35444,"template":"","meta":{"kia_subtitle":""},"product_brand":[],"product_cat":[2316],"product_tag":[],"class_list":{"0":"post-35890","1":"product","2":"type-product","3":"status-publish","4":"has-post-thumbnail","6":"product_cat-catalogo-numismatico","8":"first","9":"instock","10":"virtual","11":"product-type-simple"},"meta_box":{"ia_expediente":"","ia_ano":"","ia_fechas_de_actuacion":"","ia_municipios_comarcas":"","ia_directores":"","ia_periodos_culturales":"","ia_tipos_de_intervencion":"","ia_equipo_tecnico":"","ia_autores":"","ia_promotores":"","ia_deposito_de_materiales":"","ia_coordenadas_utm":""},"_links":{"self":[{"href":"https:\/\/marqalicante-admin.qwair.com\/en\/wp-json\/wp\/v2\/product\/35890","targetHints":{"allow":["GET"]}}],"collection":[{"href":"https:\/\/marqalicante-admin.qwair.com\/en\/wp-json\/wp\/v2\/product"}],"about":[{"href":"https:\/\/marqalicante-admin.qwair.com\/en\/wp-json\/wp\/v2\/types\/product"}],"wp:featuredmedia":[{"embeddable":true,"href":"https:\/\/marqalicante-admin.qwair.com\/en\/wp-json\/wp\/v2\/media\/35444"}],"wp:attachment":[{"href":"https:\/\/marqalicante-admin.qwair.com\/en\/wp-json\/wp\/v2\/media?parent=35890"}],"wp:term":[{"taxonomy":"product_brand","embeddable":true,"href":"https:\/\/marqalicante-admin.qwair.com\/en\/wp-json\/wp\/v2\/product_brand?post=35890"},{"taxonomy":"product_cat","embeddable":true,"href":"https:\/\/marqalicante-admin.qwair.com\/en\/wp-json\/wp\/v2\/product_cat?post=35890"},{"taxonomy":"product_tag","embeddable":true,"href":"https:\/\/marqalicante-admin.qwair.com\/en\/wp-json\/wp\/v2\/product_tag?post=35890"}],"curies":[{"name":"wp","href":"https:\/\/api.w.org\/{rel}","templated":true}]}}

<h3>Late Iberian or Late Republican</h3>
<p><b>Metal:</b> Bronze.<br /><b>Issuing entity: </b> Kese (Tarragona).<br /><b>Mint:</b> Kese (Tarragona).<br /><b>Date:</b> First half of the 2nd century BC.<br /><b>Obverse:</b><br /> Virile head to right, behind amphora. Dotted border around.<br /><b>Reverse:</b><br /> Horseman with palm to right, below, on line, Iberian inscription KESE.<br /><b>Weight:</b> 14.8 g - <b>Diameter:</b> 25 mm - <b>Axes:</b> 12 h.<br /><b>Described in:</b> CNH, 165, no. 51; Vives, 32-14.<br /><b>Published in:</b><br />Ripollès Alegre, P. P., 1982: La circulación monetaria en la Tarraconense Mediterránea, Valencia, p. 218, plate 28, no. 62; Ramón Sánchez, J.J., García Barrachina, A., Verdú Parra, E., Bayo Fuentes, S., 2010: "Catálogo. Antigüedad", in Ramón Sánchez, J.J. (ed.), Monedas. Todas las caras de la Historia. Numismatic collections of the MARQ, Alicante, p. 100.<br /><b>Monetary Inventory Number:</b> 757.<br />MARQ collection. Ancient Numismatic Collection</p>
