{"id":35883,"date":"2025-03-05T18:24:44","date_gmt":"2025-03-05T18:24:44","guid":{"rendered":"https:\/\/marqalicante-admin.qwair.com\/item\/felus-siglo-viii\/"},"modified":"2025-03-05T18:27:49","modified_gmt":"2025-03-05T18:27:49","slug":"felus-siglo-viii","status":"publish","type":"product","link":"https:\/\/marqalicante-admin.qwair.com\/en\/product\/felus-siglo-viii\/","title":{"rendered":"<b>Fel\u00fas<\/b>   8th century."},"content":{"rendered":"","protected":false},"excerpt":{"rendered":"<h3>Medieval Islamic<\/h3>\n<p><b>Metal:<\/b> Copper.<br \/><b>Issuing entity: <\/b> Dependent Emirate.<br \/><b>Mint:<\/b> Al-Andalus.<br \/><b>Date:<\/b> 8th century.<br \/><b>Obverse:<\/b><br \/> IA: IC: Seven-pointed stars.<br \/>\n      IM: \u0628\u0633\u0645 \u0627\u0644\u0644\u0647 \u0636\u0631\u0628 \u0647\u0630\u0627 \u0627\u0644\u0641\u0644\u0633<br \/><b>Reverse:<\/b><br \/> IIA: IIC: \u0628\u0627\u0644\u0627\u0646\u062f\u0644\u0633<br \/>\n      IIM: \u0644\u0627 \u0627\u0644\u0647 \u0627\u0644\u0627 \u0644\u0644\u0647 \u0645\u062d\u0645\u062f \u0631\u0633\u0648\u0644 \u0627\u0644\u0644\u0647 <br \/><b>Weight:<\/b> 4.05 g - <b>Diameter:<\/b> 17 mm - <b>Axes:<\/b> - h.<br \/><b>Described in:<\/b> Vives 44; Frochoso, 2001, XVII.<br \/><b>Published in:<\/b><br \/>Dom\u00e9nech Belda, C., Ram\u00f3n S\u00e1nchez, J.J., Ahuir Dom\u00ednguez, J.A., 2010: \"Cat\u00e1logo. Edad Media\", in Ram\u00f3n S\u00e1nchez, J.J. (ed.), Coins. Todas las caras de la Historia. Numismatic collections of the MARQ, Alicante, p. 131.<br \/><b>Monetary Inventory Number:<\/b> 6126.<br \/>Donation. Andrea Azuar Collection<\/p>","protected":false},"featured_media":35423,"template":"","meta":{"kia_subtitle":""},"product_brand":[],"product_cat":[2316],"product_tag":[],"class_list":{"0":"post-35883","1":"product","2":"type-product","3":"status-publish","4":"has-post-thumbnail","6":"product_cat-catalogo-numismatico","8":"first","9":"instock","10":"virtual","11":"product-type-simple"},"meta_box":{"ia_expediente":"","ia_ano":"","ia_fechas_de_actuacion":"","ia_municipios_comarcas":"","ia_directores":"","ia_periodos_culturales":"","ia_tipos_de_intervencion":"","ia_equipo_tecnico":"","ia_autores":"","ia_promotores":"","ia_deposito_de_materiales":"","ia_coordenadas_utm":""},"_links":{"self":[{"href":"https:\/\/marqalicante-admin.qwair.com\/en\/wp-json\/wp\/v2\/product\/35883","targetHints":{"allow":["GET"]}}],"collection":[{"href":"https:\/\/marqalicante-admin.qwair.com\/en\/wp-json\/wp\/v2\/product"}],"about":[{"href":"https:\/\/marqalicante-admin.qwair.com\/en\/wp-json\/wp\/v2\/types\/product"}],"wp:featuredmedia":[{"embeddable":true,"href":"https:\/\/marqalicante-admin.qwair.com\/en\/wp-json\/wp\/v2\/media\/35423"}],"wp:attachment":[{"href":"https:\/\/marqalicante-admin.qwair.com\/en\/wp-json\/wp\/v2\/media?parent=35883"}],"wp:term":[{"taxonomy":"product_brand","embeddable":true,"href":"https:\/\/marqalicante-admin.qwair.com\/en\/wp-json\/wp\/v2\/product_brand?post=35883"},{"taxonomy":"product_cat","embeddable":true,"href":"https:\/\/marqalicante-admin.qwair.com\/en\/wp-json\/wp\/v2\/product_cat?post=35883"},{"taxonomy":"product_tag","embeddable":true,"href":"https:\/\/marqalicante-admin.qwair.com\/en\/wp-json\/wp\/v2\/product_tag?post=35883"}],"curies":[{"name":"wp","href":"https:\/\/api.w.org\/{rel}","templated":true}]}}

<b>Felús</b>   8th century.

<h3>Medieval Islamic</h3>
<p><b>Metal:</b> Copper.<br /><b>Issuing entity: </b> Dependent Emirate.<br /><b>Mint:</b> Al-Andalus.<br /><b>Date:</b> 8th century.<br /><b>Obverse:</b><br /> IA: IC: Seven-pointed stars.<br />
      IM: بسم الله ضرب هذا الفلس<br /><b>Reverse:</b><br /> IIA: IIC: بالاندلس<br />
      IIM: لا اله الا لله محمد رسول الله <br /><b>Weight:</b> 4.05 g - <b>Diameter:</b> 17 mm - <b>Axes:</b> - h.<br /><b>Described in:</b> Vives 44; Frochoso, 2001, XVII.<br /><b>Published in:</b><br />Doménech Belda, C., Ramón Sánchez, J.J., Ahuir Domínguez, J.A., 2010: "Catálogo. Edad Media", in Ramón Sánchez, J.J. (ed.), Coins. Todas las caras de la Historia. Numismatic collections of the MARQ, Alicante, p. 131.<br /><b>Monetary Inventory Number:</b> 6126.<br />Donation. Andrea Azuar Collection</p>
