{"id":18680,"date":"2025-02-03T07:09:32","date_gmt":"2025-02-03T07:09:32","guid":{"rendered":"https:\/\/marqalicante-admin.qwair.com\/item\/marq-arqueologia-y-museos-09-2\/"},"modified":"2025-06-04T16:33:28","modified_gmt":"2025-06-04T16:33:28","slug":"marq-arqueologia-y-museos-09-2","status":"publish","type":"product","link":"https:\/\/marqalicante-admin.qwair.com\/en\/product\/marq-arqueologia-y-museos-09-2\/","title":{"rendered":"MARQ, ARCHAEOLOGY AND MUSEUMS 09"},"content":{"rendered":"<div class=\"documento-item\">\n                    <h2 class=\"documento-title\">Preliminary data on lithological resources in southern Alicante (Spain): The veleta flint and the example of the Middle Palaeolithic Bardissa (Hond\u00f3n de las Nieves) catchment and carving area.<\/h2>\n        \n                    <p class=\"documento-subtitle\">Francisco Javier Molina Hern\u00e1ndez, Daniel Belmonte Mas, Ana Satorre P\u00e9rez, Antonio Tarri\u00f1o Vinagre, Cristo Manuel Hern\u00e1ndez G\u00f3mez, Bertila Galv\u00e1n Santos<\/p>\n        \n                    <a href=\"\/wp-content\/uploads\/2025\/01\/publi-revistas\/pub_116.pdf\" class=\"documento-btn\">\n                <i class=\"fas fa-file-pdf\"><\/i> Download PDF\n            <\/a>\n            <\/div>\n\n        \n    <div class=\"documento-item\">\n                    <h2 class=\"documento-title\">The Horno Ciego Cave. A new enclave of Levantine Cave Art in Millares (Valencia)<\/h2>\n        \n                    <p class=\"documento-subtitle\">Trinidad Mart\u00ednez i Rubio, Ximo Martorell Briz, Manfred Bader and Katja Bader<\/p>\n        \n                    <a href=\"\/wp-content\/uploads\/2025\/01\/publi-revistas\/pub_117.pdf\" class=\"documento-btn\">\n                <i class=\"fas fa-file-pdf\"><\/i> Download PDF\n            <\/a>\n            <\/div>\n\n        \n    <div class=\"documento-item\">\n                    <h2 class=\"documento-title\">The campaniform tableware from Pe\u00f1\u00f3n de la Zorra (Villena, Alicante): an approach to its style and historical context.<\/h2>\n        \n                    <p class=\"documento-subtitle\">Gabriel Garc\u00eda Ati\u00e9nzar and Miriam Alba Luz\u00f3n<\/p>\n        \n                    <a href=\"\/wp-content\/uploads\/2025\/01\/publi-revistas\/pub_118.pdf\" class=\"documento-btn\">\n                <i class=\"fas fa-file-pdf\"><\/i> Download PDF\n            <\/a>\n            <\/div>\n\n        \n    <div class=\"documento-item\">\n                    <h2 class=\"documento-title\">Thread production in the Late Bronze Age and Early Iron Age in the South-East and Levantine Peninsula: fusayoles made from bone materials<\/h2>\n        \n                    <p class=\"documento-subtitle\">Ricardo E. Basso Rial<\/p>\n        \n                    <a href=\"\/wp-content\/uploads\/2025\/01\/publi-revistas\/pub_119.pdf\" class=\"documento-btn\">\n                <i class=\"fas fa-file-pdf\"><\/i> Download PDF\n            <\/a>\n            <\/div>\n\n        \n    <div class=\"documento-item\">\n                    <h2 class=\"documento-title\">Fatimid bronzes from Denia: New types<\/h2>\n        \n                    <p class=\"documento-subtitle\">Rafael Azuar Ruiz<\/p>\n        \n                    <a href=\"\/wp-content\/uploads\/2025\/01\/publi-revistas\/pub_120.pdf\" class=\"documento-btn\">\n                <i class=\"fas fa-file-pdf\"><\/i> Download PDF\n            <\/a>\n            <\/div>\n\n        \n    <div class=\"documento-item\">\n                    <h2 class=\"documento-title\">MARQ Activities Report 2017<\/h2>\n        \n                    <p class=\"documento-subtitle\">MARQ Technical Team<\/p>\n        \n                    <a href=\"\/wp-content\/uploads\/2025\/01\/publi-revistas\/pub_121.pdf\" class=\"documento-btn\">\n                <i class=\"fas fa-file-pdf\"><\/i> Download PDF\n            <\/a>\n            <\/div>\n\n        \n    <div class=\"documento-item\">\n                    <h2 class=\"documento-title\">The Cerro del Sastre plaster ovens in Sax (Alicante). First intervention to enhance their value<\/h2>\n        \n                    <p class=\"documento-subtitle\">Jos\u00e9 Ram\u00f3n Ortega P\u00e9rez, Jaime M. Giner Mart\u00ednez, Marco Aurelio Esquembre Bebia, Leticia Requena P\u00e9rez<\/p>\n        \n                    <a href=\"\/wp-content\/uploads\/2025\/01\/publi-revistas\/pub_165.pdf\" class=\"documento-btn\">\n                <i class=\"fas fa-file-pdf\"><\/i> Download PDF\n            <\/a>\n            <\/div>\n\n        \n    <div class=\"documento-item\">\n                    <h2 class=\"documento-title\">Miguel de Elizaicin y Espa\u00f1a (1855-1932): Military man, politician and tireless promoter of the Provincial Archaeological Museum of Alicante.<\/h2>\n        \n                    <p class=\"documento-subtitle\">Santiago Olcina Lagos<\/p>\n        \n                    <a href=\"\/wp-content\/uploads\/2025\/01\/publi-revistas\/pub_166.pdf\" class=\"documento-btn\">\n                <i class=\"fas fa-file-pdf\"><\/i> Download PDF\n            <\/a>\n            <\/div>","protected":false},"excerpt":{"rendered":"<p>Periodical and systematic publication on archaeological research work with articles focused on the practice of museums, to publicise research into the rich archaeological heritage of Alicante.<\/p>","protected":false},"featured_media":18505,"template":"","meta":{"kia_subtitle":""},"product_brand":[],"product_cat":[1365],"product_tag":[],"class_list":{"0":"post-18680","1":"product","2":"type-product","3":"status-publish","4":"has-post-thumbnail","6":"product_cat-marq-arqueologia-y-museos","8":"first","9":"instock","10":"virtual","11":"product-type-simple"},"meta_box":{"ia_expediente":"","ia_ano":"","ia_fechas_de_actuacion":"","ia_municipios_comarcas":"","ia_directores":"","ia_periodos_culturales":"","ia_tipos_de_intervencion":"","ia_equipo_tecnico":"","ia_autores":"","ia_promotores":"","ia_deposito_de_materiales":"","ia_coordenadas_utm":""},"_links":{"self":[{"href":"https:\/\/marqalicante-admin.qwair.com\/en\/wp-json\/wp\/v2\/product\/18680","targetHints":{"allow":["GET"]}}],"collection":[{"href":"https:\/\/marqalicante-admin.qwair.com\/en\/wp-json\/wp\/v2\/product"}],"about":[{"href":"https:\/\/marqalicante-admin.qwair.com\/en\/wp-json\/wp\/v2\/types\/product"}],"wp:featuredmedia":[{"embeddable":true,"href":"https:\/\/marqalicante-admin.qwair.com\/en\/wp-json\/wp\/v2\/media\/18505"}],"wp:attachment":[{"href":"https:\/\/marqalicante-admin.qwair.com\/en\/wp-json\/wp\/v2\/media?parent=18680"}],"wp:term":[{"taxonomy":"product_brand","embeddable":true,"href":"https:\/\/marqalicante-admin.qwair.com\/en\/wp-json\/wp\/v2\/product_brand?post=18680"},{"taxonomy":"product_cat","embeddable":true,"href":"https:\/\/marqalicante-admin.qwair.com\/en\/wp-json\/wp\/v2\/product_cat?post=18680"},{"taxonomy":"product_tag","embeddable":true,"href":"https:\/\/marqalicante-admin.qwair.com\/en\/wp-json\/wp\/v2\/product_tag?post=18680"}],"curies":[{"name":"wp","href":"https:\/\/api.w.org\/{rel}","templated":true}]}}

<div class="documento-item">
                    <h2 class="documento-title">Preliminary data on lithological resources in southern Alicante (Spain): The veleta flint and the example of the Middle Palaeolithic Bardissa (Hondón de las Nieves) catchment and carving area.</h2>
        
                    <p class="documento-subtitle">Francisco Javier Molina Hernández, Daniel Belmonte Mas, Ana Satorre Pérez, Antonio Tarriño Vinagre, Cristo Manuel Hernández Gómez, Bertila Galván Santos</p>
        
                    <a href="/wp-content/uploads/2025/01/publi-revistas/pub_116.pdf" class="documento-btn">
                <i class="fas fa-file-pdf"></i> Download PDF
            </a>
            </div>

        
    <div class="documento-item">
                    <h2 class="documento-title">The Horno Ciego Cave. A new enclave of Levantine Cave Art in Millares (Valencia)</h2>
        
                    <p class="documento-subtitle">Trinidad Martínez i Rubio, Ximo Martorell Briz, Manfred Bader and Katja Bader</p>
        
                    <a href="/wp-content/uploads/2025/01/publi-revistas/pub_117.pdf" class="documento-btn">
                <i class="fas fa-file-pdf"></i> Download PDF
            </a>
            </div>

        
    <div class="documento-item">
                    <h2 class="documento-title">The campaniform tableware from Peñón de la Zorra (Villena, Alicante): an approach to its style and historical context.</h2>
        
                    <p class="documento-subtitle">Gabriel García Atiénzar and Miriam Alba Luzón</p>
        
                    <a href="/wp-content/uploads/2025/01/publi-revistas/pub_118.pdf" class="documento-btn">
                <i class="fas fa-file-pdf"></i> Download PDF
            </a>
            </div>

        
    <div class="documento-item">
                    <h2 class="documento-title">Thread production in the Late Bronze Age and Early Iron Age in the South-East and Levantine Peninsula: fusayoles made from bone materials</h2>
        
                    <p class="documento-subtitle">Ricardo E. Basso Rial</p>
        
                    <a href="/wp-content/uploads/2025/01/publi-revistas/pub_119.pdf" class="documento-btn">
                <i class="fas fa-file-pdf"></i> Download PDF
            </a>
            </div>

        
    <div class="documento-item">
                    <h2 class="documento-title">Fatimid bronzes from Denia: New types</h2>
        
                    <p class="documento-subtitle">Rafael Azuar Ruiz</p>
        
                    <a href="/wp-content/uploads/2025/01/publi-revistas/pub_120.pdf" class="documento-btn">
                <i class="fas fa-file-pdf"></i> Download PDF
            </a>
            </div>

        
    <div class="documento-item">
                    <h2 class="documento-title">MARQ Activities Report 2017</h2>
        
                    <p class="documento-subtitle">MARQ Technical Team</p>
        
                    <a href="/wp-content/uploads/2025/01/publi-revistas/pub_121.pdf" class="documento-btn">
                <i class="fas fa-file-pdf"></i> Download PDF
            </a>
            </div>

        
    <div class="documento-item">
                    <h2 class="documento-title">The Cerro del Sastre plaster ovens in Sax (Alicante). First intervention to enhance their value</h2>
        
                    <p class="documento-subtitle">José Ramón Ortega Pérez, Jaime M. Giner Martínez, Marco Aurelio Esquembre Bebia, Leticia Requena Pérez</p>
        
                    <a href="/wp-content/uploads/2025/01/publi-revistas/pub_165.pdf" class="documento-btn">
                <i class="fas fa-file-pdf"></i> Download PDF
            </a>
            </div>

        
    <div class="documento-item">
                    <h2 class="documento-title">Miguel de Elizaicin y España (1855-1932): Military man, politician and tireless promoter of the Provincial Archaeological Museum of Alicante.</h2>
        
                    <p class="documento-subtitle">Santiago Olcina Lagos</p>
        
                    <a href="/wp-content/uploads/2025/01/publi-revistas/pub_166.pdf" class="documento-btn">
                <i class="fas fa-file-pdf"></i> Download PDF
            </a>
            </div>
