{"id":18615,"date":"2025-02-03T07:09:32","date_gmt":"2025-02-03T07:09:32","guid":{"rendered":"https:\/\/marqalicante-admin.qwair.com\/item\/marq-arqueologia-y-museos-03-2\/"},"modified":"2025-06-04T16:33:24","modified_gmt":"2025-06-04T16:33:24","slug":"marq-arqueologia-y-museos-03-2","status":"publish","type":"product","link":"https:\/\/marqalicante-admin.qwair.com\/en\/product\/marq-arqueologia-y-museos-03-2\/","title":{"rendered":"MARQ, ARCHAEOLOGY AND MUSEUMS 03"},"content":{"rendered":"<div class=\"documento-item\">\n                    <h2 class=\"documento-title\">Archaeology, ethnobotany and peasantry: the use of wood in the Bronze Age settlement of Terlinques (Villena, Alicante)<\/h2>\n        \n                    <p class=\"documento-subtitle\">Mar\u00eda del Carmen Machado Yanes, Francisco Javier Jover Maestre, Juan Antonio L\u00f3pez Padilla, Alicia Luj\u00e1n Navas<\/p>\n        \n                    <a href=\"\/wp-content\/uploads\/2025\/01\/publi-revistas\/pub_42.pdf\" class=\"documento-btn\">\n                <i class=\"fas fa-file-pdf\"><\/i> Download PDF\n            <\/a>\n            <\/div>\n\n        \n    <div class=\"documento-item\">\n                    <h2 class=\"documento-title\">Experimental Arch\u00e9ology and the general public<\/h2>\n        \n                    <p class=\"documento-subtitle\">Pierre P\u00e9trequin<\/p>\n        \n                    <a href=\"\/wp-content\/uploads\/2025\/01\/publi-revistas\/pub_48.pdf\" class=\"documento-btn\">\n                <i class=\"fas fa-file-pdf\"><\/i> Download PDF\n            <\/a>\n            <\/div>\n\n        \n    <div class=\"documento-item\">\n                    <h2 class=\"documento-title\">Biographical notes on Antonio Valc\u00e1rcel, Count of Lumiares<\/h2>\n        \n                    <p class=\"documento-subtitle\">Manuel H. Olcina Dom\u00e8nech<\/p>\n        \n                    <a href=\"\/wp-content\/uploads\/2025\/01\/publi-revistas\/pub_49.pdf\" class=\"documento-btn\">\n                <i class=\"fas fa-file-pdf\"><\/i> Download PDF\n            <\/a>\n            <\/div>\n\n        \n    <div class=\"documento-item\">\n                    <h2 class=\"documento-title\">The Cultural Heritage of Iraq after the 2nd Gulf War<\/h2>\n        \n                    <p class=\"documento-subtitle\">John Curtis<\/p>\n        \n                    <a href=\"\/wp-content\/uploads\/2025\/01\/publi-revistas\/pub_50.pdf\" class=\"documento-btn\">\n                <i class=\"fas fa-file-pdf\"><\/i> Download PDF\n            <\/a>\n            <\/div>\n\n        \n    <div class=\"documento-item\">\n                    <h2 class=\"documento-title\">The development of the Assyrian Reliefs<\/h2>\n        \n                    <p class=\"documento-subtitle\">Paul Collins<\/p>\n        \n                    <a href=\"\/wp-content\/uploads\/2025\/01\/publi-revistas\/pub_51.pdf\" class=\"documento-btn\">\n                <i class=\"fas fa-file-pdf\"><\/i> Download PDF\n            <\/a>\n            <\/div>\n\n        \n    <div class=\"documento-item\">\n                    <h2 class=\"documento-title\">The archaeological site of Emp\u00faries. New proposals and approaches for the 21st century<\/h2>\n        \n                    <p class=\"documento-subtitle\">Xavier Aquilu\u00e9<\/p>\n        \n                    <a href=\"\/wp-content\/uploads\/2025\/01\/publi-revistas\/pub_52.pdf\" class=\"documento-btn\">\n                <i class=\"fas fa-file-pdf\"><\/i> Download PDF\n            <\/a>\n            <\/div>\n\n        \n    <div class=\"documento-item\">\n                    <h2 class=\"documento-title\">Interpretative Methods and Exhibits in Archaeological Museums and Prehistoric Sites. Some examples from Sweden<\/h2>\n        \n                    <p class=\"documento-subtitle\">Ewa Bergdahl<\/p>\n        \n                    <a href=\"\/wp-content\/uploads\/2025\/01\/publi-revistas\/pub_53.pdf\" class=\"documento-btn\">\n                <i class=\"fas fa-file-pdf\"><\/i> Download PDF\n            <\/a>\n            <\/div>\n\n        \n    <div class=\"documento-item\">\n                    <h2 class=\"documento-title\">The Caesaraugusta Theatre Museum Project. Musealising the history and space of an urban enclave.<\/h2>\n        \n                    <p class=\"documento-subtitle\">Carmen Aguarod Otal<\/p>\n        \n                    <a href=\"\/wp-content\/uploads\/2025\/01\/publi-revistas\/pub_54.pdf\" class=\"documento-btn\">\n                <i class=\"fas fa-file-pdf\"><\/i> Download PDF\n            <\/a>\n            <\/div>\n\n        \n    <div class=\"documento-item\">\n                    <h2 class=\"documento-title\">Opening Doors to Museums Access to Original Roman Sites<\/h2>\n        \n                    <p class=\"documento-subtitle\">Karlheinz Geppert M.A.<\/p>\n        \n                    <a href=\"\/wp-content\/uploads\/2025\/01\/publi-revistas\/pub_55.pdf\" class=\"documento-btn\">\n                <i class=\"fas fa-file-pdf\"><\/i> Download PDF\n            <\/a>\n            <\/div>\n\n        \n    <div class=\"documento-item\">\n                    <h2 class=\"documento-title\">Innovative presentation techniques in the Ename project (museum, archaeological site and monument) (Belgium)<\/h2>\n        \n                    <p class=\"documento-subtitle\">Marie-Claire Van der Donckt<\/p>\n        \n                    <a href=\"\/wp-content\/uploads\/2025\/01\/publi-revistas\/pub_56.pdf\" class=\"documento-btn\">\n                <i class=\"fas fa-file-pdf\"><\/i> Download PDF\n            <\/a>\n            <\/div>\n\n        \n    <div class=\"documento-item\">\n                    <h2 class=\"documento-title\">The National Archaeological Museum (Spain), Challenges and Concepts<\/h2>\n        \n                    <p class=\"documento-subtitle\">Rub\u00ed Sanz Gamo<\/p>\n        \n                    <a href=\"\/wp-content\/uploads\/2025\/01\/publi-revistas\/pub_57.pdf\" class=\"documento-btn\">\n                <i class=\"fas fa-file-pdf\"><\/i> Download PDF\n            <\/a>\n            <\/div>\n\n        \n    <div class=\"documento-item\">\n                    <h2 class=\"documento-title\">Museum of Byzantine Culture, Thessaloniki, Greece<\/h2>\n        \n                    <p class=\"documento-subtitle\">Anastasia Tourta<\/p>\n        \n                    <a href=\"\/wp-content\/uploads\/2025\/01\/publi-revistas\/pub_58.pdf\" class=\"documento-btn\">\n                <i class=\"fas fa-file-pdf\"><\/i> Download PDF\n            <\/a>\n            <\/div>\n\n        \n    <div class=\"documento-item\">\n                    <h2 class=\"documento-title\">The MARQ in 2007. The culmination of a Museum project of international scope.<\/h2>\n        \n                    <p class=\"documento-subtitle\">Manuel H. Olcina Dom\u00e8nech, Jorge A. Soler D\u00edaz<\/p>\n        \n                    <a href=\"\/wp-content\/uploads\/2025\/01\/publi-revistas\/pub_59.pdf\" class=\"documento-btn\">\n                <i class=\"fas fa-file-pdf\"><\/i> Download PDF\n            <\/a>\n            <\/div>\n\n        \n    <div class=\"documento-item\">\n                    <h2 class=\"documento-title\">MARQ. Activities report 2007-2008<\/h2>\n        \n                    <p class=\"documento-subtitle\">MARQ. Technical Team<\/p>\n        \n                    <a href=\"\/wp-content\/uploads\/2025\/01\/publi-revistas\/pub_60.pdf\" class=\"documento-btn\">\n                <i class=\"fas fa-file-pdf\"><\/i> Download PDF\n            <\/a>\n            <\/div>","protected":false},"excerpt":{"rendered":"<p>Periodical and systematic publication on archaeological research work with articles focused on museum practice, to publicise research into Alicante's rich archaeological heritage. 18 , 00 eurosday date<\/p>","protected":false},"featured_media":18440,"template":"","meta":{"kia_subtitle":""},"product_brand":[],"product_cat":[1365],"product_tag":[],"class_list":{"0":"post-18615","1":"product","2":"type-product","3":"status-publish","4":"has-post-thumbnail","6":"product_cat-marq-arqueologia-y-museos","8":"first","9":"instock","10":"virtual","11":"product-type-simple"},"meta_box":{"ia_expediente":"","ia_ano":"","ia_fechas_de_actuacion":"","ia_municipios_comarcas":"","ia_directores":"","ia_periodos_culturales":"","ia_tipos_de_intervencion":"","ia_equipo_tecnico":"","ia_autores":"","ia_promotores":"","ia_deposito_de_materiales":"","ia_coordenadas_utm":""},"_links":{"self":[{"href":"https:\/\/marqalicante-admin.qwair.com\/en\/wp-json\/wp\/v2\/product\/18615","targetHints":{"allow":["GET"]}}],"collection":[{"href":"https:\/\/marqalicante-admin.qwair.com\/en\/wp-json\/wp\/v2\/product"}],"about":[{"href":"https:\/\/marqalicante-admin.qwair.com\/en\/wp-json\/wp\/v2\/types\/product"}],"wp:featuredmedia":[{"embeddable":true,"href":"https:\/\/marqalicante-admin.qwair.com\/en\/wp-json\/wp\/v2\/media\/18440"}],"wp:attachment":[{"href":"https:\/\/marqalicante-admin.qwair.com\/en\/wp-json\/wp\/v2\/media?parent=18615"}],"wp:term":[{"taxonomy":"product_brand","embeddable":true,"href":"https:\/\/marqalicante-admin.qwair.com\/en\/wp-json\/wp\/v2\/product_brand?post=18615"},{"taxonomy":"product_cat","embeddable":true,"href":"https:\/\/marqalicante-admin.qwair.com\/en\/wp-json\/wp\/v2\/product_cat?post=18615"},{"taxonomy":"product_tag","embeddable":true,"href":"https:\/\/marqalicante-admin.qwair.com\/en\/wp-json\/wp\/v2\/product_tag?post=18615"}],"curies":[{"name":"wp","href":"https:\/\/api.w.org\/{rel}","templated":true}]}}

<div class="documento-item">
                    <h2 class="documento-title">Archaeology, ethnobotany and peasantry: the use of wood in the Bronze Age settlement of Terlinques (Villena, Alicante)</h2>
        
                    <p class="documento-subtitle">María del Carmen Machado Yanes, Francisco Javier Jover Maestre, Juan Antonio López Padilla, Alicia Luján Navas</p>
        
                    <a href="/wp-content/uploads/2025/01/publi-revistas/pub_42.pdf" class="documento-btn">
                <i class="fas fa-file-pdf"></i> Download PDF
            </a>
            </div>

        
    <div class="documento-item">
                    <h2 class="documento-title">Experimental Archéology and the general public</h2>
        
                    <p class="documento-subtitle">Pierre Pétrequin</p>
        
                    <a href="/wp-content/uploads/2025/01/publi-revistas/pub_48.pdf" class="documento-btn">
                <i class="fas fa-file-pdf"></i> Download PDF
            </a>
            </div>

        
    <div class="documento-item">
                    <h2 class="documento-title">Biographical notes on Antonio Valcárcel, Count of Lumiares</h2>
        
                    <p class="documento-subtitle">Manuel H. Olcina Domènech</p>
        
                    <a href="/wp-content/uploads/2025/01/publi-revistas/pub_49.pdf" class="documento-btn">
                <i class="fas fa-file-pdf"></i> Download PDF
            </a>
            </div>

        
    <div class="documento-item">
                    <h2 class="documento-title">The Cultural Heritage of Iraq after the 2nd Gulf War</h2>
        
                    <p class="documento-subtitle">John Curtis</p>
        
                    <a href="/wp-content/uploads/2025/01/publi-revistas/pub_50.pdf" class="documento-btn">
                <i class="fas fa-file-pdf"></i> Download PDF
            </a>
            </div>

        
    <div class="documento-item">
                    <h2 class="documento-title">The development of the Assyrian Reliefs</h2>
        
                    <p class="documento-subtitle">Paul Collins</p>
        
                    <a href="/wp-content/uploads/2025/01/publi-revistas/pub_51.pdf" class="documento-btn">
                <i class="fas fa-file-pdf"></i> Download PDF
            </a>
            </div>

        
    <div class="documento-item">
                    <h2 class="documento-title">The archaeological site of Empúries. New proposals and approaches for the 21st century</h2>
        
                    <p class="documento-subtitle">Xavier Aquilué</p>
        
                    <a href="/wp-content/uploads/2025/01/publi-revistas/pub_52.pdf" class="documento-btn">
                <i class="fas fa-file-pdf"></i> Download PDF
            </a>
            </div>

        
    <div class="documento-item">
                    <h2 class="documento-title">Interpretative Methods and Exhibits in Archaeological Museums and Prehistoric Sites. Some examples from Sweden</h2>
        
                    <p class="documento-subtitle">Ewa Bergdahl</p>
        
                    <a href="/wp-content/uploads/2025/01/publi-revistas/pub_53.pdf" class="documento-btn">
                <i class="fas fa-file-pdf"></i> Download PDF
            </a>
            </div>

        
    <div class="documento-item">
                    <h2 class="documento-title">The Caesaraugusta Theatre Museum Project. Musealising the history and space of an urban enclave.</h2>
        
                    <p class="documento-subtitle">Carmen Aguarod Otal</p>
        
                    <a href="/wp-content/uploads/2025/01/publi-revistas/pub_54.pdf" class="documento-btn">
                <i class="fas fa-file-pdf"></i> Download PDF
            </a>
            </div>

        
    <div class="documento-item">
                    <h2 class="documento-title">Opening Doors to Museums Access to Original Roman Sites</h2>
        
                    <p class="documento-subtitle">Karlheinz Geppert M.A.</p>
        
                    <a href="/wp-content/uploads/2025/01/publi-revistas/pub_55.pdf" class="documento-btn">
                <i class="fas fa-file-pdf"></i> Download PDF
            </a>
            </div>

        
    <div class="documento-item">
                    <h2 class="documento-title">Innovative presentation techniques in the Ename project (museum, archaeological site and monument) (Belgium)</h2>
        
                    <p class="documento-subtitle">Marie-Claire Van der Donckt</p>
        
                    <a href="/wp-content/uploads/2025/01/publi-revistas/pub_56.pdf" class="documento-btn">
                <i class="fas fa-file-pdf"></i> Download PDF
            </a>
            </div>

        
    <div class="documento-item">
                    <h2 class="documento-title">The National Archaeological Museum (Spain), Challenges and Concepts</h2>
        
                    <p class="documento-subtitle">Rubí Sanz Gamo</p>
        
                    <a href="/wp-content/uploads/2025/01/publi-revistas/pub_57.pdf" class="documento-btn">
                <i class="fas fa-file-pdf"></i> Download PDF
            </a>
            </div>

        
    <div class="documento-item">
                    <h2 class="documento-title">Museum of Byzantine Culture, Thessaloniki, Greece</h2>
        
                    <p class="documento-subtitle">Anastasia Tourta</p>
        
                    <a href="/wp-content/uploads/2025/01/publi-revistas/pub_58.pdf" class="documento-btn">
                <i class="fas fa-file-pdf"></i> Download PDF
            </a>
            </div>

        
    <div class="documento-item">
                    <h2 class="documento-title">The MARQ in 2007. The culmination of a Museum project of international scope.</h2>
        
                    <p class="documento-subtitle">Manuel H. Olcina Domènech, Jorge A. Soler Díaz</p>
        
                    <a href="/wp-content/uploads/2025/01/publi-revistas/pub_59.pdf" class="documento-btn">
                <i class="fas fa-file-pdf"></i> Download PDF
            </a>
            </div>

        
    <div class="documento-item">
                    <h2 class="documento-title">MARQ. Activities report 2007-2008</h2>
        
                    <p class="documento-subtitle">MARQ. Technical Team</p>
        
                    <a href="/wp-content/uploads/2025/01/publi-revistas/pub_60.pdf" class="documento-btn">
                <i class="fas fa-file-pdf"></i> Download PDF
            </a>
            </div>
